r*v. Let m(l) = -2*l**2 + 3*l + 2. Calculate m(v).
-12
Let p(b) = b - 1. Let o(k) = -2*k**2 + 13*k - 7*k - k**2 + 9. Let y(g) = -g**2 + 3*g + 4. Let t(v) = 2*o(v) - 5*y(v). Let l be t(-3). Calculate p(l).
-3
Let r(j) = j**3 - 3*j**2 + j - 7. Let f be r(3). Let t(p) = -7*p - 21. Let o(u) = -4*u - 11. Let k(a) = 11*o(a) - 6*t(a). What is k(f)?
13
Let o(x) = -3*x - 4. Let z = -75 + 74. Let p(f) = 4*f**3 - 3*f**2 - 6*f - 3. Let r be p(z). Determine o(r).
8
Let d(g) = -9*g - 53. Let q(p) = 3*p + 18. Let x(n) = -2*d(n) - 7*q(n). What is x(-11)?
13
Let y(f) = f + 19. Let c be y(-18). Let h(u) = 0 - u - 1 - c - 2*u. What is h(4)?
-14
Let d(z) = 0*z**3 + z**3 + z + 2 + 0*z. Suppose 3*j + 9 + 6 = -m, 25 = 2*m - 5*j. Suppose o + 20 = 6*o - 2*q, -5*o - 2*q = m. Give d(o).
12
Let m(d) = -d - 7. Let l(n) = 24*n - 366. Let c(o) = 5*o - 73. Let h(f) = 16*c(f) - 3*l(f). Let s be h(8). Calculate m(s).
-1
Suppose 35*u = 36*u + 12. Let y be -6*2*(3 - 5)/u. Let r(g) = 3*g**2 + 3*g + 3. Calculate r(y).
9
Suppose -2*j = -0*j - 4. Let n(l) = 0*l - 2 + 3 + 0*l**j + 3*l + l**2. Determine n(-4).
5
Let o(t) = 435*t - 19. Let f(j) = 67*j - 3. Let v(p) = 13*f(p) - 2*o(p). Let s = 2 - -6. Determine v(s).
7
Let z(r) = 6*r - 3. Let w(u) = u. Let l(k) = 10*w(k) - 2*z(k). Calculate l(4).
-2
Let x(t) = t. Let q be x(4). Let z(f) = 3*f**2 - 4*f + f**3 - 2*f**3 + q*f**2 - 8. Let b = 24 - 18. Calculate z(b).
4
Let s(v) be the second derivative of v**5/120 + v**4/12 + 11*v**3/6 + 6*v. Let g(l) be the second derivative of s(l). Determine g(2).
4
Let f(l) = -2*l**3 - 8*l**2 - 11*l + 15. Let w(n) = n**3 + 4*n**2 + 5*n - 7. Let y(b) = -3*f(b) - 7*w(b). What is y(-4)?
12
Suppose 0 = -19*f + 18*f + 5*a - 13, 51 = 5*f + 4*a. Let n(p) = -1 + 2 + 2*p - 2 - p. Calculate n(f).
6
Suppose 0 = -2*u + 3*c - 7, 3*u - c + 9 = 2*c. Let t be (-1)/u - 45/10. Let r(s) be the third derivative of s**4/24 + s**2. What is r(t)?
-4
Let l(h) = -11*h**2 + 11*h - 5. Let g(y) = 3*y**2 - y. Let c(b) = -4*g(b) - l(b). Determine c(-7).
5
Let k(v) = v**2 - 8*v - 2. Let b = -65 + 69. What is k(b)?
-18
Let n(j) = -j**3 + 6*j**2 - 2*j - 5. Suppose 0 = 11*k - 16 - 39. Calculate n(k).
10
Let w(d) = -d - 3. Suppose 8 = -3*z - z. Let v be (-7 - z*1)*12/15. Calculate w(v).
1
Suppose 0*u - 72 = 9*u. Let i(k) = k**3 + 9*k**2 + 7*k + 3. Give i(u).
11
Let n(i) = 5*i**3 + 4*i**2 + i - 2. Let a(r) = -6*r**3 - 4*r**2 - r + 3. Let z(d) = 4*a(d) + 5*n(d). Let q be (-24)/7 - (-8)/(-14). Calculate z(q).
-2
Let x(q) = q + q**2 - 2 + 0*q + 1. Let b(f) be the first derivative of 5*f**3/3 - f**2 - 3*f + 6. Let k(c) = -b(c) + 4*x(c). Determine k(4).
7
Let j be (3/3 - 2)*(19 + -17). Let s(y) = -11*y - 1. What is s(j)?
21
Let i(l) = 7*l**3 + 14*l**2 - 3*l - 21. Let z(c) = 10 + 0 - 5*c**2 + c - 3*c**3 - 2*c**2. Let u(d) = -2*i(d) - 5*z(d). Determine u(-7).
-15
Let u(a) = -2*a + 3. Suppose 0 = l + l. Let d be u(l). Let n(o) = o - 2 + d - 3. What is n(6)?
4
Let j(t) = t**3 - 10*t**2 + 11*t - 13. Let d(k) = 82*k - 73. Let q be d(1). Calculate j(q).
5
Suppose -2*x + 6*x - 12 = 3*y, 3*x - 4 = y. Let f be -8*((-2)/(-4))/(-3 + 1). Let j(b) = 2*b**f - b + 2*b**2 + 0*b - 3*b**2. Calculate j(x).
0
Let b be 2/12 + (-93)/18. Let i(s) = -s**2 + 5*s + 2. Let k be i(5). Let p(z) = -k*z**2 + 4*z**2 - z**2 + 6*z + 4. Give p(b).
-1
Let t(w) = w**2 - 21*w - 43. Suppose 4*a + 22*p - 21*p - 92 = 0, -a + 5*p + 23 = 0. What is t(a)?
3
Let t(f) be the third derivative of f**6/120 + f**5/15 + f**4/12 - f**3/3 - 89*f**2 + 7. Suppose -3*b = -8*b - 10. What is t(b)?
2
Let v(t) = -8*t**2 + 3*t + 3. Let z be (-5)/(-10)*2*-1. Calculate v(z).
-8
Let j(l) = l**2 + 4*l - 62. Let u be j(-10). Let h(x) = -3*x**3 - 4*x**2 - x + 2. What is h(u)?
12
Let z = 5 - -1. Suppose -49 = -z*v + 65. Let b = v - 21. Let g(w) = 3*w**2 + w - 2. Determine g(b).
8
Let j(t) = 14*t**3 - t**2 - 2*t - 1. Suppose -d + 6 = -2*v, 4*d + 15 = 2*d - 5*v. Suppose m + 5 - 4 = d. Give j(m).
-14
Let h(q) = q**2 - 9*q + 2. Let i(w) = 1. Let j(f) = h(f) + 5*i(f). Let b be j(9). Let t(o) = -o + 11. What is t(b)?
4
Suppose -654*b + 15 = -659*b. Let a(g) = -2*g**2 + g - 3. Let v(n) = -n**2 + n - 3. Let q(i) = 3*a(i) - 4*v(i). What is q(b)?
-12
Let i(m) = m**2 - 6*m - 24. Let z be i(10). Let c be (z/6)/(-4)*(-9)/2. Let w(g) be the second derivative of g**4/12 - g**3 + g**2 - g. What is w(c)?
-7
Let w(s) be the first derivative of 5*s + 2 - 1/3*s**3 + 3/2*s**2. Suppose -3*v + 3 = -12. What is w(v)?
-5
Let i(u) be the third derivative of u**4/12 + 5*u**3/6 + 23*u**2. Let b(z) = z + 1. Let g(k) = 4*b(k) - i(k). Give g(4).
7
Let i be 2/(-6) - 20/(-6). Let m(u) be the second derivative of u**4/12 - u**3/3 - 3*u**2/2 + 239*u. Calculate m(i).
0
Let l(f) = 3*f + 2 + 0*f - 6*f**2 + 4*f**2. Let k(d) = -11*d + 58. Let h be k(5). Give l(h).
-7
Let f(j) be the third derivative of -j**4/24 - 2*j**3/3 - 3*j**2 + 7. Let m be 2/(((-36)/(-15))/(-6)). What is f(m)?
1
Let n(p) = -2*p**2 + 2*p + 3. Suppose -3*q - 2*q = -40. Let i = -285 - -289. Suppose i = 4*r - q. What is n(r)?
-9
Let b(u) = -3*u. Let g = 16 + -17. Let c = 1 - g. Suppose 0*s - c = -s. What is b(s)?
-6
Let b(p) = -2*p**2 + p. Let n(l) = -3 + 2*l + 8*l**2 + 7 - 17*l**2. Let t(j) = -5*b(j) + n(j). Determine t(5).
14
Let c(m) = 8*m**2 - 2. Let d be c(-1). Let y(z) = -5*z + 2*z - 5 - d*z + 4. Suppose 5*k = 3 + 2. Determine y(k).
-10
Suppose -4*y + 4 = -6*y. Let b be ((-2)/y)/(0 + -1). Let o(m) = 4*m**3 + m**3 + 3*m - 2*m. Give o(b).
-6
Let y be 282/7 - (-6)/(-126)*6. Let g(r) = 4*r**2 - 3 + 40*r - y*r + r**3. Suppose 2*m + 3 + 5 = 0. Determine g(m).
-3
Let p(q) be the first derivative of -q**4/4 + q**3/3 + 2*q**2 - 518. What is p(3)?
-6
Let x(u) = u**2 - 9*u - 6. Let h be (-41)/(-4) - (-25)/(-20). Determine x(h).
-6
Let y(g) be the first derivative of g**4/2 - 13*g**3/3 + 3*g**2 + 6*g - 9. Let m be y(6). Let o(j) = -5*j + 7. What is o(m)?
-23
Let d(h) = 1. Let t(m) = -m + 8. Let x(j) = 3*d(j) - t(j). Let v be 273/26*16/28. Give x(v).
1
Suppose -1 + 0 = -v. Let z(i) = -i + v - 1 - 2 + 1. Give z(-3).
2
Let a(u) = -4*u - 9. Let g = -89 + 96. Let y(q) be the first derivative of -9*q**2/2 - 17*q - 1. Let h(v) = g*a(v) - 3*y(v). What is h(-6)?
-6
Let l(x) = 6*x - 5. Let c(g) = g - 1. Let u be c(-2). Let o(z) = -5*z + 4. Let m(p) = u*l(p) - 4*o(p). Determine m(2).
3
Let l(m) = -2*m**2 + 2*m**2 + m - m - m**2 + 19. Determine l(0).
19
Let s(y) = -4*y - 7. Let c be (130/(-39))/(5/3 + -1). Determine s(c).
13
Let v(c) = -39*c - 12. Let l(k) = -34*k - 11. Let a(s) = -7*l(s) + 6*v(s). What is a(-4)?
-11
Let t(i) be the third derivative of -i**6/10 + i**5/60 - 2*i**2. Let s(x) = x**2 - 6*x - 8. Suppose 18 = 4*w - 10. Let r be s(w). Calculate t(r).
13
Let g(o) = 2*o - 26. Let x(h) = 4*h - 50. Let p(z) = -5*g(z) + 3*x(z). Give p(15).
10
Let s(k) = -k**2 - 18*k - 36. Let w be s(-15). Let u(n) = 40 - 6*n**3 + 7*n**3 - w*n + 7*n**2 - 44. What is u(-8)?
4
Let k = 33 - 17. Suppose 0 = -2*a + q + 12, 19 = 3*a - q. Suppose a*y = 3*y + k. Let s(v) = -v**2 + 4*v. What is s(y)?
0
Let a = -23 - -17. Let o(k) = 0 - 12*k**2 + 20*k**2 + 6*k - 7*k**2 + 1. Determine o(a).
1
Let x be 0 - 4/((-8)/82). Let b(g) = x*g**2 + 2*g - 2 - 72*g**2 + 35*g**2. Give b(-2).
10
Let b(n) = -3*n - 21. Let a(f) = 79*f - 323. Let h be a(4). What is b(h)?
0
Let a(m) = -m**3 - 6*m**2 + 6*m - 3. Suppose -5*k = -17 + 117. Let v be (7/(-2))/((-10)/k). Calculate a(v).
4
Let n(i) = -7*i**2 + 2*i + 1. Let j be n(-1). Let o be (-1)/(4/j*1). Let x(w) = w**3 - 2 - 3*w**o + 0*w + w**3 - w - 4*w**3. Give x(-2).
4
Let a(t) = -25*t + 23. Let y(r) = -25*r + 22. Let n(g) = 6*a(g) - 7*y(g). Let k(h) = -5*h + 3. Let u(i) = -11*k(i) - 2*n(i). Give u(2).
9
Let z(f) = -8 + 4*f + 2 + 2 - 5*f. Let y be z(0). Let c(p) = 6. Let n(o) = -o. Let i(r) = -c(r) + 4*n(r). What is i(y)?
10
Let x(k) = 9*k**3 - 2*k**2 + 3*k + 7. Let c(b) = -7*b**3 + 2*b**2 - 3*b - 5. Let h(a) = 4*c(a) + 3*x(a). What is h(2)?
-5
Let c(b) = -b**3 - 6*b**2 - b - 3. Suppose t - 3*d = 24, -t + 2*t - 16 = 5*d. Suppose 2 - t = -2*u. Let p = -23 + u. Determine c(p).
3
Suppose 14*i - 42 = -28. Let b(k) be the first derivative of -4*k + i - 1/4*k**4 - 2*k**3 + 3*k**2. Calculate b(-7).
3
Suppose 100*l - 10 = 98*l. Let z(p) = -2*p - 4*p - l*p + 7*p - p**2 - 3. Give z(-3).
0
Let q(d) 